{"id":409930,"date":"2025-10-16T21:52:08","date_gmt":"2025-10-16T19:52:08","guid":{"rendered":"https:\/\/medizinonline.com\/?post_type=jb-job&#038;p=409930"},"modified":"2025-11-15T02:00:17","modified_gmt":"2025-11-15T01:00:17","slug":"allgemeinmediziner-allgemeinmedizinerin","status":"jb-expired","type":"jb-job","link":"https:\/\/medizinonline.com\/pt-pt\/?post_type=jb-job&p=409930","title":{"rendered":"Allgemeinmediziner \/ Allgemeinmedizinerin"},"content":{"rendered":"<div data-bmo-itemprop=\"description\">\n<p data-start=\"398\" data-end=\"608\">W\u00fcnschen Sie sich eine gut begleitete Einarbeitung bei Ihrem neuen Arbeitgeber in der Schweiz? In dieser Praxis erleben Sie nicht nur ein respektvolles und wertsch\u00e4tzendes Miteinander im Team \u2013 auch Ihr neuer Arbeitsort verspr\u00fcht genauso viel Lebensfreude wie die Stadt Luzern selbst: <strong>modern, lebendig und voller Charme<\/strong><\/p>\n<p>&nbsp;<\/p>\n<p data-start=\"60\" data-end=\"111\"><strong data-start=\"60\" data-end=\"111\">Gut ankommen &#8211; mit Struktur, Teamgeist und Herz.<\/strong><\/p>\n<p data-start=\"113\" data-end=\"472\">Diese moderne Hausarztpraxis im Zentrum von Luzern geh\u00f6rt zu einer schweizweit t\u00e4tigen Gruppe und bietet Ihnen mehr als nur einen Job:<br \/>\n&#8211; Strukturierte Einarbeitung \u2013 ideal auch f\u00fcr \u00c4rzt:innen aus Deutschland<br \/>\n&#8211; Klare Abl\u00e4ufe &amp; moderne Ausstattung<br \/>\n&#8211; Kollegiales Team mit acht erfahrenen \u00c4rzt:innen<br \/>\n&#8211; Zentrale Lage, helle R\u00e4ume, hohe Lebensqualit\u00e4t<\/p>\n<p data-start=\"474\" data-end=\"558\">Ob Berufseinstieg oder Neustart in der Schweiz \u2013 hier sind Sie herzlich willkommen!<br \/>\nMelden Sie sich einfach: +41 31 310 98 79 (Anruf oder WhatsApp)<\/p>\n<\/div>\n<div class=\"row\">\n<div class=\"col-md-6\" data-bmo-itemprop=\"responsibilities\">\n<div class=\"heading\" data-bmo-itemprop=\"responsibilities-title\">Ihre Aufgaben<\/div>\n<ul>\n<li data-start=\"93\" data-end=\"269\">Untersuchung von Patientinnen und Patienten, Erhebung der Anamnese und Erstellung fundierter Diagnosen (z.B. mit Ultraschall und R\u00f6ntgen)<\/li>\n<li data-start=\"270\" data-end=\"403\">Durchf\u00fchrung von Vorsorgeuntersuchungen und Impfungen sowie Beratung zu Themen wie Ern\u00e4hrung, Bewegung und Stressbew\u00e4ltigung<\/li>\n<li data-start=\"404\" data-end=\"557\">Sie koordinieren weiterf\u00fchrende Diagnostik, veranlassen \u00dcberweisungen und stimmen individuelle Therapiepl\u00e4ne mit Fach\u00e4rztinnen und Fach\u00e4rzten ab<\/li>\n<li data-start=\"558\" data-end=\"754\">Sie begleiten Ihre Patientinnen und Patienten \u00fcber l\u00e4ngere Zeitr\u00e4ume hinweg und gestalten eine vertrauensvolle Arzt-Patienten-Beziehung<\/li>\n<\/ul>\n<\/div>\n<div class=\"col-md-6\" data-bmo-itemprop=\"qualifications\">\n<div class=\"heading\" data-bmo-itemprop=\"qualifications-title\">Ihre Kompetenzen<\/div>\n<ul>\n<li data-start=\"60\" data-end=\"215\">Abgeschlossener Facharzttitel f\u00fcr Allgemeinmedizin \/ Anerkennung als Praktischer Arzt \/ Praktische \u00c4rztin<\/li>\n<li data-start=\"60\" data-end=\"215\">Gerne unterst\u00fctzen wir Sie bei der Erlangung der MEBEKO-Anerkennung!<\/li>\n<li data-start=\"217\" data-end=\"353\">Sie sind empathisch und haben die F\u00e4higkeit, auf Patienten unterschiedlicher Altersgruppen und Hintergr\u00fcnde einzugehen<\/li>\n<li data-start=\"355\" data-end=\"536\">Fundierte Kenntnisse in der Erkennung und Behandlung verschiedenster Krankheitsbilder sowie im Einsatz diagnostischer Verfahren<\/li>\n<li data-start=\"538\" data-end=\"710\" data-is-last-node=\"\">F\u00e4higkeit, Behandlungspl\u00e4ne zu erstellen, Priorit\u00e4ten zu setzen und in akuten Situationen schnell und sicher zu handeln<\/li>\n<\/ul>\n<\/div>\n<\/div>\n<div data-bmo-itemprop=\"jobBenefits\">\n<div class=\"heading\" data-bmo-itemprop=\"jobBenefits-title\">Ihre Vorteile<\/div>\n<ul>\n<li><strong>Team:<\/strong> Eingespielt und stabil<\/li>\n<li><strong>Praxis:<\/strong> Modern &#8211; mit den neusten Diagnostikger\u00e4ten ausgestattet<\/li>\n<li><strong>Luzern:<\/strong> Wundersch\u00f6ne, historische Stadt mit Seeanstoss und Bergblick<\/li>\n<li><strong>Lohn:<\/strong> Fair &#8211; mit Umsatzbeteiligung<\/li>\n<li><strong>Umfangreiche Begleitung:<\/strong> Mit uns an Ihrer Seite k\u00f6nnen Sie sich auf einen erfahrenen Sparingpartner freuen!<\/li>\n<\/ul>\n<\/div>\n","protected":false},"author":17458,"featured_media":0,"template":"","jb-job-type":[11219],"jb-job-category":[],"class_list":["post-409930","jb-job","type-jb-job","status-jb-expired","jb-job-type-full-time","pmpro-has-access"],"acf":[],"publishpress_future_workflow_manual_trigger":{"enabledWorkflows":[]},"wpml_current_locale":"de_DE","wpml_translations":[],"_links":{"self":[{"href":"https:\/\/medizinonline.com\/pt-pt\/wp-json\/wp\/v2\/jb-job\/409930","targetHints":{"allow":["GET"]}}],"collection":[{"href":"https:\/\/medizinonline.com\/pt-pt\/wp-json\/wp\/v2\/jb-job"}],"about":[{"href":"https:\/\/medizinonline.com\/pt-pt\/wp-json\/wp\/v2\/types\/jb-job"}],"author":[{"embeddable":true,"href":"https:\/\/medizinonline.com\/pt-pt\/wp-json\/wp\/v2\/users\/17458"}],"wp:attachment":[{"href":"https:\/\/medizinonline.com\/pt-pt\/wp-json\/wp\/v2\/media?parent=409930"}],"wp:term":[{"taxonomy":"jb-job-type","embeddable":true,"href":"https:\/\/medizinonline.com\/pt-pt\/wp-json\/wp\/v2\/jb-job-type?post=409930"},{"taxonomy":"jb-job-category","embeddable":true,"href":"https:\/\/medizinonline.com\/pt-pt\/wp-json\/wp\/v2\/jb-job-category?post=409930"}],"curies":[{"name":"wp","href":"https:\/\/api.w.org\/{rel}","templated":true}]}}

<div data-bmo-itemprop="description">
<p data-start="398" data-end="608">Wünschen Sie sich eine gut begleitete Einarbeitung bei Ihrem neuen Arbeitgeber in der Schweiz? In dieser Praxis erleben Sie nicht nur ein respektvolles und wertschätzendes Miteinander im Team – auch Ihr neuer Arbeitsort versprüht genauso viel Lebensfreude wie die Stadt Luzern selbst: <strong>modern, lebendig und voller Charme</strong></p>
<p>&nbsp;</p>
<p data-start="60" data-end="111"><strong data-start="60" data-end="111">Gut ankommen &#8211; mit Struktur, Teamgeist und Herz.</strong></p>
<p data-start="113" data-end="472">Diese moderne Hausarztpraxis im Zentrum von Luzern gehört zu einer schweizweit tätigen Gruppe und bietet Ihnen mehr als nur einen Job:<br />
&#8211; Strukturierte Einarbeitung – ideal auch für Ärzt:innen aus Deutschland<br />
&#8211; Klare Abläufe &amp; moderne Ausstattung<br />
&#8211; Kollegiales Team mit acht erfahrenen Ärzt:innen<br />
&#8211; Zentrale Lage, helle Räume, hohe Lebensqualität</p>
<p data-start="474" data-end="558">Ob Berufseinstieg oder Neustart in der Schweiz – hier sind Sie herzlich willkommen!<br />
Melden Sie sich einfach: +41 31 310 98 79 (Anruf oder WhatsApp)</p>
</div>
<div class="row">
<div class="col-md-6" data-bmo-itemprop="responsibilities">
<div class="heading" data-bmo-itemprop="responsibilities-title">Ihre Aufgaben</div>
<ul>
<li data-start="93" data-end="269">Untersuchung von Patientinnen und Patienten, Erhebung der Anamnese und Erstellung fundierter Diagnosen (z.B. mit Ultraschall und Röntgen)</li>
<li data-start="270" data-end="403">Durchführung von Vorsorgeuntersuchungen und Impfungen sowie Beratung zu Themen wie Ernährung, Bewegung und Stressbewältigung</li>
<li data-start="404" data-end="557">Sie koordinieren weiterführende Diagnostik, veranlassen Überweisungen und stimmen individuelle Therapiepläne mit Fachärztinnen und Fachärzten ab</li>
<li data-start="558" data-end="754">Sie begleiten Ihre Patientinnen und Patienten über längere Zeiträume hinweg und gestalten eine vertrauensvolle Arzt-Patienten-Beziehung</li>
</ul>
</div>
<div class="col-md-6" data-bmo-itemprop="qualifications">
<div class="heading" data-bmo-itemprop="qualifications-title">Ihre Kompetenzen</div>
<ul>
<li data-start="60" data-end="215">Abgeschlossener Facharzttitel für Allgemeinmedizin / Anerkennung als Praktischer Arzt / Praktische Ärztin</li>
<li data-start="60" data-end="215">Gerne unterstützen wir Sie bei der Erlangung der MEBEKO-Anerkennung!</li>
<li data-start="217" data-end="353">Sie sind empathisch und haben die Fähigkeit, auf Patienten unterschiedlicher Altersgruppen und Hintergründe einzugehen</li>
<li data-start="355" data-end="536">Fundierte Kenntnisse in der Erkennung und Behandlung verschiedenster Krankheitsbilder sowie im Einsatz diagnostischer Verfahren</li>
<li data-start="538" data-end="710" data-is-last-node="">Fähigkeit, Behandlungspläne zu erstellen, Prioritäten zu setzen und in akuten Situationen schnell und sicher zu handeln</li>
</ul>
</div>
</div>
<div data-bmo-itemprop="jobBenefits">
<div class="heading" data-bmo-itemprop="jobBenefits-title">Ihre Vorteile</div>
<ul>
<li><strong>Team:</strong> Eingespielt und stabil</li>
<li><strong>Praxis:</strong> Modern &#8211; mit den neusten Diagnostikgeräten ausgestattet</li>
<li><strong>Luzern:</strong> Wunderschöne, historische Stadt mit Seeanstoss und Bergblick</li>
<li><strong>Lohn:</strong> Fair &#8211; mit Umsatzbeteiligung</li>
<li><strong>Umfangreiche Begleitung:</strong> Mit uns an Ihrer Seite können Sie sich auf einen erfahrenen Sparingpartner freuen!</li>
</ul>
</div>
